3*i - 15. Determine a(-4).
5
Let h(t) = -536*t - 23755. What is h(-44)?
-171
Let a(v) = -2*v**3 - 2422*v**2 - 9671*v - 67. Give a(-4).
-7
Let g(t) = 10616*t**2 - 265400*t + 2. Calculate g(25).
2
Let s(l) = -15904*l + 8111018. Determine s(510).
-22
Let h(d) = -2*d**2 + 35956*d + 71920. Calculate h(-2).
0
Let r(z) = z**3 - 82*z**2 - 250*z - 264. Give r(85).
161
Let z(r) = -33*r**3 - 101*r**2 + 5*r + 31. Give z(-3).
-2
Let n(l) = 44*l**2 - 2324*l - 314. Determine n(53).
110
Let f(t) = 121*t + 1689. Give f(-15).
-126
Let w(z) = -2*z**3 - 4*z**2 + 40*z - 556. What is w(-11)?
1182
Let x(d) = 167*d**3 - 69*d**2 + 140*d + 7. Give x(2).
1347
Let l(m) = -1518*m + 9455. Give l(6).
347
Let y(i) = -33756*i - 607597. Determine y(-18).
11
Let w(m) = -370*m**2 - 18129*m + 99. Calculate w(-49).
50
Let k(v) = 2454*v + 6821. Give k(-3).
-541
Let p(q) = -q**3 - 189*q**2 + 7293*q - 7321. Give p(-222).
5
Let l(z) = -z**2 + 2214*z + 24488. Calculate l(-11).
13
Let k(r) = 2285*r**2 - 6937*r + 223. Determine k(3).
-23
Let l(n) = 6*n**2 - 2568*n - 37315. Determine l(442).
-187
Let b(z) = -175*z - 6219. Determine b(-35).
-94
Let a(y) = -172*y**2 - 346*y + 508. What is a(-3)?
-2
Let z(b) = -b**3 - 524*b**2 - 480*b + 22484. Calculate z(-523).
-5
Let q(a) = 721*a - 3379. Calculate q(6).
947
Let z(h) = 160098*h - 1601013. Determine z(10).
-33
Let w(p) = 2*p**2 - 89*p - 18535. Calculate w(121).
-22
Let v(j) = -62*j**3 + 119*j - 247. Give v(2).
-505
Let i(w) = 8*w**3 - 106*w**2 + 110*w + 83. Calculate i(12).
-37
Let z(i) = 20*i**3 + 240*i**2 + 218*i - 17. What is z(-11)?
5
Let n(m) = -83*m + 18769. Give n(222).
343
Let n(y) = -1142*y**3 + y**2 + 25*y + 7. Calculate n(0).
7
Let v(y) = 857*y - 14562. What is v(17)?
7
Let j(d) = d**3 + 72*d**2 + 10*d + 694. Determine j(-72).
-26
Let a(c) = -c**3 + 16*c**2 + 48*c - 580. Calculate a(5).
-65
Let g(z) = 4*z**3 + 4*z**2 + 31*z + 2341. What is g(0)?
2341
Let c(a) = a**3 - 202*a**2 - 230*a - 78946. Calculate c(205).
-21
Let b(z) = 4524*z + 54297. Determine b(-12).
9
Let r(g) = -3798*g + 95161. Determine r(25).
211
Let k(z) = 3*z**3 + 39*z**2 - 640*z + 418. Calculate k(9).
4
Let v(m) = -951*m + 64698. Determine v(68).
30
Let r(o) = -37*o**3 + 218*o**2 - 75*o - 15. What is r(5)?
435
Let k(h) = 4*h**3 - 822*h**2 + 5178*h - 847. Calculate k(199).
-51
Let o(k) = -4*k**2 - 7068*k + 14140. Determine o(2).
-12
Let l(f) = 13241*f + 146299. What is l(-11)?
648
Let u(l) = l**3 - 12*l**2 + 5707*l - 11377. Calculate u(2).
-3
Let f(g) = -2*g**3 + 601*g**2 + 39116*g + 604. What is f(-55)?
-1
Let t(i) = -217*i + 1164. Determine t(6).
-138
Let z(w) = 2*w**3 + 139*w**2 + 1137*w - 189. Give z(-60).
-9
Let h(q) = q**3 - 72*q**2 + 386*q - 8347. What is h(68)?
-595
Let u(k) = -16*k**2 - 4871*k - 30695. What is u(-298)?
-1
Let d(w) = 838*w - 51898. Calculate d(62).
58
Let k(b) = 30*b**2 - 736*b - 14. Calculate k(26).
1130
Let o(l) = 41069*l + 66. Calculate o(0).
66
Let j(o) = 8*o**3 + 31*o**2 + 83*o + 12. What is j(-3)?
-174
Let j(r) = -32958*r + 5207343. Calculate j(158).
-21
Let w(s) = 28738*s + 144261. What is w(-5)?
571
Let b(k) = -138*k + 1350. Calculate b(12).
-306
Let w(z) = -7*z**2 - 3255*z - 94151. Determine w(-434).
27
Let g(z) = z**3 - 10*z**2 + 358*z - 4729. Calculate g(14).
1067
Let n(f) = 31731*f + 95301. What is n(-3)?
108
Let t(w) = 6*w**3 - 232*w**2 + 105*w + 2146. What is t(38)?
360
Let z(p) = -2*p**2 + 2078*p - 12625. Calculate z(6).
-229
Let t(i) = 8*i**2 - 1410*i + 12037. Determine t(9).
-5
Let s(b) = b**3 - 28*b**2 + 588*b - 16474. Calculate s(28).
-10
Let c(i) = 2*i**3 - 457*i**2 - 1166*i + 2346. Determine c(231).
-195
Let m(l) = -26*l**2 - 4822*l + 982. Determine m(-186).
-1622
Let b(t) = 297*t**2 + 523*t - 81. Determine b(-2).
61
Let t(k) = 803*k + 8865. What is t(-11)?
32
Let b(d) = -4927*d - 2300808. Give b(-467).
101
Let m(g) = 2605*g - 18430. Give m(7).
-195
Let u(q) = -2*q**3 - 364*q**2 - 2104*q + 842. What is u(-176)?
-566
Let q(j) = 15*j**2 - 7934*j + 7393. Determine q(528).
1
Let a(p) = -101*p**2 - 5656*p - 67. Calculate a(-56).
-67
Let i(c) = -658*c - 12509. Give i(-20).
651
Let p(d) = 2*d**2 - 4359*d - 13083. Give p(-3).
12
Let h(y) = 1090376*y - 1. Give h(0).
-1
Let x(k) = -k**2 - 2354*k + 330773. Determine x(133).
2
Let s(x) = 16365*x - 98220. Determine s(6).
-30
Let z(b) = 3*b**3 - 144*b**2 - 960*b + 17485. What is z(52)?
13
Let d(u) = 49*u**3 - 21*u**2 + 73*u - 9. Determine d(3).
1344
Let m(b) = 264*b**2 + 1305*b - 56. What is m(-5)?
19
Let q(c) = -6*c**2 - 164*c - 1411. Give q(-10).
-371
Let a(r) = -30*r**2 + 5187*r - 19779. What is a(169)?
-6
Let t(x) = x**3 - 17*x**2 - 125*x + 1962. What is t(10)?
12
Let m(y) = 3*y**2 - 567*y - 4121. What is m(196)?
-5
Let s(w) = 8*w**3 - 3872*w**2 - 4. Calculate s(484).
-4
Let x(r) = -319*r - 14826. Calculate x(-46).
-152
Let o(f) = 277*f - 49811. Calculate o(180).
49
Let g(r) = -6*r**3 + 1413*r**2 - 635*r - 16345. What is g(235)?
105
Let j(t) = -3*t**3 + 50*t**2 + 46*t - 222. Calculate j(16).
1026
Let i(x) = -x + 789. Calculate i(-41).
830
Let w(o) = 12*o**2 - 11797*o - 83165. Calculate w(-7).
2
Let v(h) = -67*h**3 - 3686*h**2 + 216*h + 14914. What is v(-55)?
9
Let r(k) = 875*k - 14646. Determine r(17).
229
Let n(d) = -d**2 + 60*d + 2596. Calculate n(-37).
-993
Let h(f) = 7714*f + 15244. Give h(-2).
-184
Let c(i) = 7095*i + 6972. Give c(-1).
-123
Let r(h) = 17538*h + 122764. What is r(-7)?
-2
Let n(w) = -7*w**2 + 803*w + 122. What is n(116)?
-922
Let c(z) = 14403*z + 116876. Determine c(-8).
1652
Let o(y) = 2*y**3 + 198*y**2 - 951*y - 13018. Determine o(-103).
63
Let k(r) = r**3 - 16*r**2 - 764*r - 127. Give k(35).
-3592
Let b(p) = -1734*p - 14675. What is b(-8)?
-803
Let i(a) = a**3 + 190*a**2 + 2296*a - 113. Give i(-13).
-48
Let f(s) = s**3 - 303*s**2 - 156*s - 44965. Calculate f(304).
27
Let p(v) = 4*v**3 + 3*v**2 - 95*v - 40. Give p(-5).
10
Let q(i) = i**3 - 294*i**2 - 113*i + 33369. Give q(294).
147
Let z(c) = c**3 - 74*c**2 - 2444*c + 20668. What is z(97)?
7
Let m(j) = -1463*j - 73137. Determine m(-50).
13
Let g(j) = -j**3 - 23*j**2 + 495*j - 78. Calculate g(-37).
773
Let r(a) = a**2 - 717*a + 9121. Give r(13).
-31
Let b(f) = -53*f - 1937. Determine b(-66).
1561
Let a(z) = 38*z**2 + 107*z - 487. Calculate a(4).
549
Let v(p) = p**3 + 260*p**2 - 1201*p - 378198. Determine v(-259).
-58
Let u(t) = -112*t**2 - 818*t + 2448. Determine u(3).
-1014
Let w(x) = -3407*x - 381805. Calculate w(-112).
-221
Let c(y) = -2*y**3 - 499*y**2 + 188*y - 15620. Determine c(-250).
-120
Let m(o) = -11*o**3 - 1091*o**2 + 897*o - 288. Determine m(-100).
12
Let d(t) = -133*t + 4265. Calculate d(32).
9
Let k(d) = 8*d**2 + 155*d - 54. Calculate k(-17).
-377
Let s(x) = -8529*x - 102354. Calculate s(-12).
-6
Let f(w) = -w**3 + 87*w**2 - 1322*w + 74737. What is f(82)?
-47
Let u(s) = 11*s**2 + 10720*s - 130220. Give u(12).
4
Let d(j) = -j**3 - 3*j**2 - 107*j - 1195. Determine d(-8).
-19
Let n(t) = 246*t + 381. Calculate n(-11).
-2325
Let i(n) = -52*n**2 - 323*n - 564. What is i(-3)?
-63
Let k(i) = -3*i**2 + 136*i + 25860. What is k(-73)?
-55
Let k(s) = 4*s**3 - 251*s**2 - 96*s + 2133. Determine k(63).
54
Let n(l) = -540*l - 91816. Give n(-170).
-16
Let o(r) = 3187*r - 22962. Calculate o(7).
-653
Let a(n) = -n**2 - 152704*n - 763499. Calculate a(-5).
-4
Let p(z) = -1167*z - 126065. What is p(-108)?
-29
Let x(u) = -882*u + 48763. Calculate x(54).
1135
Let c(v) = 4*v**2 + 41*v - 11638. What is c(49)?
-25
Let m(j) = -j**2 - 3204*j - 703152. What is m(-237)?
27
Let v(m) = 2353*m + 58827. What is v(-25)?
2
Let h(b) = -3*b**3 - 154*b**2 - 56*b - 240. Give h(-51).
15
Let j(h) = 1152*h - 16125. Calculate j(14).
3
Let r(c) = 8606*c**2 - 77465*c + 96. Give r(9).
-3
Let x(a) = -214*a + 2277. Calculate x(10).
137
Let f(z) = -z**3 - 41*z**2 + 23*z + 1806. Determine f(-7).
-21
Let n(o) = 9*o**3 - 2713*o**2 - 67169*o - 213. What is n(-23)?
-6
Let h(y) = y**2 - 34291*y - 754796. What is h(-22)?
90
Let o(z) = -30040*z - 60306. What is o(-2)?
-226
Let p(i) = -28*i**3 + 212*i**2 + 93*i - 34. Give p(8).
-58
Let l(c) = 3021*c - 2187206. Determine l(724).
-2
Let g(f) = f**3 + 18*f**2 - 101*f - 1403. What is g(-18)?
415
Let a(o) = 13536*o + 230119. What is a(-17)?
7
Let k(s) = 45520*s - 20. Give k(0).
-20
Let d(l) = -467*l - 21